{"id":10456,"date":"2025-02-08T14:50:17","date_gmt":"2025-02-08T14:50:17","guid":{"rendered":"https:\/\/gruppotrizio.it\/?page_id=10456"},"modified":"2025-02-08T14:50:18","modified_gmt":"2025-02-08T14:50:18","slug":"trattamento-dei-dati-personali","status":"publish","type":"page","link":"https:\/\/gruppotrizio.it\/index.php\/trattamento-dei-dati-personali\/","title":{"rendered":"Trattamento dei dati personali"},"content":{"rendered":"\n<p>Con riferimento a quanto previsto del<strong>\u00a0D.lgs. 196\/2003<\/strong>, recante disposizioni a tutela della riservatezza nel trattamento dei dati personali, Art Consulting tiene con la presente ad informarvi che:<\/p>\n\n\n\n<ul class=\"wp-block-list\">\n<li>i dati personali da voi forniti, ovvero altrimenti acquisiti nell\u2019ambito della nostra attivit\u00e0, possono formare oggetto di trattamento con o senza l\u2019ausilio di mezzi elettronici, nel rispetto della normativa sopra richiamata, per le finalit\u00e0 istituzionali della nostra societ\u00e0, ed in particolare per: dare esecuzione ad un servizio o ad una o pi\u00f9 operazioni contrattualmente convenute; l\u2019esecuzione di obblighi previsti da leggi o regolamenti; la tutela dei diritti del titolare della Art Consulting in sede giudiziaria<\/li>\n\n\n\n<li>il conferimento dei Vostri dati alla Art Consulting \u00e8 strettamente funzionale all\u2019esecuzione del rapporto contrattuale o, quando specificato, alle attivit\u00e0 acconsentite dall\u2019utente;<\/li>\n\n\n\n<li>il titolare del trattamento dei dati, ai sensi D.lgs. 196\/2003 \u00e8 l\u2019amministratore della Art Consulting;<\/li>\n\n\n\n<li>i dati saranno conservati presso la nostra sede di Genova, per il tempo prescritto dalle norme di legge;<\/li>\n\n\n\n<li>il trattamento dei dati forniti, o altrimenti acquisiti nell\u2019ambito della nostra attivit\u00e0, potr\u00e0 essere effettuato anche da soggetti a cui sia riconosciuta la facolt\u00e0 di accedere ai Vostri dati personali da norme di legge o di normative secondarie e\/o comunitarie.<\/li>\n\n\n\n<li>in qualsiasi momento si potr\u00e0 richiedere la modifica o la cancellazione dei suddetti dati.<\/li>\n<\/ul>\n\n\n\n<p><strong>D. Lgs. n. 196 del 30 giugno 2003&nbsp;Diritti dell\u2019interessato:<\/strong><\/p>\n\n\n\n<p>In relazione al trattamento dei dati personali l\u2019interessato ha diritto:<\/p>\n\n\n\n<p>a) di conoscere, mediante accesso gratuito al registro di cui all\u2019articolo 31, comma 1, lettera a), l\u2019esistenza di trattamenti di dati che possono riguardarlo;<\/p>\n\n\n\n<p>b) di essere informato su quanto indicato all\u2019articolo 7, comma 4, lettere a),b) e h);<\/p>\n\n\n\n<p>c) di ottenere, a cura del titolare o del responsabile, senza ritardo:<\/p>\n\n\n\n<ol class=\"wp-block-list\">\n<li>la conferma dell\u2019esistenza o meno di dati personali che lo riguardano; anche se non ancora registrati, e la comunicazione in forma intellegibile dei medesimi dati e della loro origine, nonch\u00e8 della logica e delle finalit\u00e0 su cui si basa il trattamento; la richiesta pu\u00f2 essere rinnovata, salva l\u2019esistenza di giustificati motivi, con intervallo non minore di novanta giorni;<\/li>\n\n\n\n<li>la cancellazione, la trasformazione in forma anonima o il blocco dei dati trattati in violazione di legge, compresi quelli di cui non \u00e8 necessaria la conservazione in relazione agli scopi per i quali i dati sono stati raccolti o successivamente trattati;<\/li>\n\n\n\n<li>l\u2019aggiornamento, la rettificazione ovvero, qualora vi abbia interesse, l\u2019integrazione dei dati;<\/li>\n\n\n\n<li>la testazione che le operazioni di cui ai numeri 2) e 3) sono state portate a conoscenza, anche per quanto riguarda il loro contenuto, di coloro ai quali i dati sono stati comunicati o diffusi, eccettuato il caso in cui tale adempimento si riveli impossibile o comporti un impiego di mezzi manifestamente sproporzionato rispetto al diritto del tutelato; d) di opporsi, in tutto o in parte, per motivi legittimi, al trattamento dei dati personali che lo riguardano, ancorch\u00e9 pertinenti allo scopo della raccolta; e) di opporsi, in tutto o in parte, al trattamento di dati personali che lo riguardano previsto a fini di informazione commerciale o di invio di materiale pubblicitario o di vendita diretta ovvero per il compimento di ricerche di mercato o di comunicazione commerciale interattiva e di essere informato dal titolare, non oltre il momento in cui i dati sono comunicati o diffusi, della possibilit\u00e0 di esercitare gratuitamente tale diritto.<\/li>\n<\/ol>\n\n\n\n<p>Per ciascuna richiesta di cui al comma 1, lettera c), numero 1), pu\u00f2 essere chiesto all\u2019interessato, ove non risulti confermata l\u2019esistenza di dati che lo riguardano, un contributo spese, non superiore ai costi effettivamente sopportati, secondo le modalit\u00e0 ed entro i limiti stabiliti dal regolamento di cui all\u2019articolo 33, comma 3<\/p>\n\n\n\n<p>I diritti di cui al comma 1) riferiti ai dati personali concernenti persone decedute possono essere esercitati da chiunque vi abbia interesse<\/p>\n\n\n\n<p>Nell\u2019esercizio dei diritti di cui al comma 1) l\u2019interessato pu\u00f2 conferire, per iscritto, delega o procura a persone fisiche o ad associazioni<\/p>\n\n\n\n<p>Restano ferme le norme sul segreto professionale degli esercenti la professione di giornalista, limitatamente alla fonte della notizia.<\/p>\n\n\n\n<p>E\u2019 possibile consultare il testo completo della legge presso il sito del Parlamento italiano.<\/p>\n","protected":false},"excerpt":{"rendered":"<p>Con riferimento a quanto previsto del\u00a0D.lgs. 196\/2003, recante disposizioni a tutela della riservatezza nel trattamento dei dati personali, Art Consulting tiene con la presente ad informarvi che: D. Lgs. n. 196 del 30 giugno 2003&nbsp;Diritti dell\u2019interessato: In relazione al trattamento dei dati personali l\u2019interessato ha diritto: a) di conoscere, mediante accesso gratuito al registro di&hellip; <br \/> <a class=\"read-more\" href=\"https:\/\/gruppotrizio.it\/index.php\/trattamento-dei-dati-personali\/\">Leggi tutto<\/a><\/p>\n","protected":false},"author":1,"featured_media":0,"parent":0,"menu_order":0,"comment_status":"closed","ping_status":"closed","template":"","meta":{"footnotes":""},"class_list":["post-10456","page","type-page","status-publish","hentry"],"aioseo_notices":[],"_links":{"self":[{"href":"https:\/\/gruppotrizio.it\/index.php\/wp-json\/wp\/v2\/pages\/10456","targetHints":{"allow":["GET"]}}],"collection":[{"href":"https:\/\/gruppotrizio.it\/index.php\/wp-json\/wp\/v2\/pages"}],"about":[{"href":"https:\/\/gruppotrizio.it\/index.php\/wp-json\/wp\/v2\/types\/page"}],"author":[{"embeddable":true,"href":"https:\/\/gruppotrizio.it\/index.php\/wp-json\/wp\/v2\/users\/1"}],"replies":[{"embeddable":true,"href":"https:\/\/gruppotrizio.it\/index.php\/wp-json\/wp\/v2\/comments?post=10456"}],"version-history":[{"count":1,"href":"https:\/\/gruppotrizio.it\/index.php\/wp-json\/wp\/v2\/pages\/10456\/revisions"}],"predecessor-version":[{"id":10457,"href":"https:\/\/gruppotrizio.it\/index.php\/wp-json\/wp\/v2\/pages\/10456\/revisions\/10457"}],"wp:attachment":[{"href":"https:\/\/gruppotrizio.it\/index.php\/wp-json\/wp\/v2\/media?parent=10456"}],"curies":[{"name":"wp","href":"https:\/\/api.w.org\/{rel}","templated":true}]}}